 Let d(m) = -2*a(m) - 11*t(m). List the prime factors of d(2).
109
Suppose -11*i - 190 + 41220 = 0. What are the prime factors of i?
2, 5, 373
Let b(y) = -y**3 + y**2 + 16*y + 15. Let d be b(-1). What are the prime factors of d/(-5) - (-70230)/150?
2, 3, 13
Let d(z) = -8*z - 25. Let y(u) = 41*u + 127. Let k(x) = -11*d(x) - 2*y(x). Let m be k(8). Suppose 293 - m = 2*v. List the prime factors of v.
2, 7
Suppose -2*s = c - 5*s - 2, -2*c + 15 = 5*s. Suppose -174 = -11*o + c*o. Let k = o + -19. List the prime factors of k.
2, 5
Let z = 9536 + -4384. Suppose -12*m + z = -8*m. List the prime factors of m.
2, 7, 23
Let z(t) = t**3 + 7*t**2 + 8*t + 7. Suppose -34 + 22 = 2*o. Let b be z(o). Let x(n) = -n**3 + n**2 - 2*n + 7. What are the prime factors of x(b)?
167
Suppose -4134 = -45*l + 28086. What are the prime factors of (l/(-3) + -2)/((-12)/18)?
19
Suppose -3*m + 3*v + 12 = 0, 3*m + 2*v = 2*m + 10. Let h be 0 + 82/6 + m/(-9). Let f(t) = 5*t - 26. What are the prime factors of f(h)?
3, 13
Let n be (1 - 5)*6/(-4) - 1. Let j = -5 + n. What are the prime factors of 38 + -2 - (1 + j/2)?
5, 7
Let z be (1 - (-10)/(-2)) + -2*4. Let w(u) = -14*u**2 + 0*u**2 + 2*u**2 - u**3 + 3 - 14*u - 10. List the prime factors of w(z).
7, 23
Let z(x) = -100*x - 112. Let y be z(-15). List the prime factors of 2*-4*y/(-32).
347
Suppose 85487 = 3*n + f, 1848 = 2*n - 3*f - 55158. What are the prime factors of n?
3, 7, 23, 59
Suppose -1 + 3 = -2*h - 3*f, -f = 4. Suppose -h*a + 3*k + 2051 = 0, -10*k + 9 = -7*k. List the prime factors of a.
2, 103
Let t = 18 - -12. Let f(a) = -a**3 - a - 19. Let n be f(0). Let i = t + n. What are the prime factors of i?
11
Suppose 0 = 5*z + 3*f - 1056, 5*z - 124*f - 1060 = -129*f. Suppose 2*c = 5*n - 528, 0*n = -4*n + c + 420. Let v = z - n. What are the prime factors of v?
2, 53
Suppose 11295 = 5*v + 5*i, -v + 1190 = -3*i - 1049. List the prime factors of v.
2, 7, 23
Let s = 111 + -132. What are the prime factors of (-1387)/(-8) + 1*s/56?
173
Let m be 2 + -6*8/(-48). Suppose 3282 = 4*v + 2*i, 4*i - 641 = -m*v + 1818. List the prime factors of v.
821
Let d(n) = 31*n + 7. Let h(p) = -309*p - 69. Let q(t) = -21*d(t) - 2*h(t). List the prime factors of q(-8).
3, 5, 17
Suppose 7*m - 3*m - 16 = 0. Let j = -1 + m. What are the prime factors of 3*(-3)/j - -65?
2, 31
Let z(s) = 23*s**2 - 7*s - 58. Let n be z(-4). Let q = 526 - n. List the prime factors of q.
2, 47
Suppose -10*y = 38 - 18. Let l(w) = -2 - 5 - 2*w - 2*w + 6*w**2. List the prime factors of l(y).
5
Let u = 6635 + -300. What are the prime factors of u?
5, 7, 181
Suppose 15 = -5*o, -4*o = -10*q + 7*q + 37554. What are the prime factors of q?
2, 6257
List the prime factors of 2892066/759 + (-12)/33.
2, 3, 5, 127
Let i(c) = 2118*c - 236. What are the prime factors of i(5)?
2, 31, 167
Suppose -4*c - 5*a + 673 = 0, -3*a = -4*c - 4*a + 685. Suppose c = -5*x + 817. List the prime factors of x.
3, 43
What are the prime factors of (-3 - (-45894)/3) + 16?
61, 251
Let g = 7534 - -16805. What are the prime factors of g?
3, 7, 19, 61
Suppose -2*k + 12159 = a, -a = -2*k + 12678 - 513. What are the prime factors of k?
3, 2027
Suppose 0 = 85*w - 633781 - 1117899. List the prime factors of w.
2, 7, 23
Let k = 169 + -165. Suppose -k*h + 497 = -w, 4*h - h = -4*w + 349. List the prime factors of h.
3, 41
Let m(z) = 5*z + 642. Let j(y) = y**3 - 12*y**2 + 2*y. Let c be j(0). What are the prime factors of m(c)?
2, 3, 107
Let x(m) = -25*m + 14. Let g(h) = -25*h + 15. Let l(b) = 4*g(b) - 5*x(b). Let o be l(-2). Let k = 3 - o. List the prime factors of k.
3, 7
Let o be ((-21571)/106)/(2/(-44)). Suppose 10*k - o = -k. List the prime factors of k.
11, 37
Suppose -20 = -7*z + 2*z. Let b(g) = -105*g**3 - 104*g**3 + 208*g**3 - 4*g - 5 + 6*g**2. What are the prime factors of b(z)?
11
Let b be ((-4)/(-10))/((-8)/120). Let f(y) = -y**3 - 6*y**2 - y - 2. Let i be f(b). Suppose -x + 5*d + 278 = 2*x, -i*d + 242 = 3*x. List the prime factors of x.
2, 43
List the prime factors of (556/(-6) - 6)*(-6)/2.
2, 37
Suppose -5*s + 1201 + 2559 = 0. Suppose -190 - s = -3*t. What are the prime factors of t?
2, 157
Suppose -2*r - 85 - 98 = y, -y - 3*r - 180 = 0. What are the prime factors of (y/(-12))/((-15)/(-200))?
2, 3, 5, 7
Let o be ((-2052)/(-45))/((-4)/(-40)). Let h = 723 - o. What are the prime factors of h?
3, 89
Let l = 373 - 372. List the prime factors of -2 - (l + -574 + 7).
2, 3, 47
What are the prime factors of -30*(-80)/(-128)*13184/(-12)?
2, 5, 103
Let f = -340 + 342. List the prime factors of (188 - f) + (34 - 33).
11, 17
Suppose -5*v = a - 23774, 82*v - 95132 = -4*a + 80*v. What are the prime factors of a?
2, 3, 991
Suppose -4*v = -5*v - 3*v. Suppose 0 = 4*d - c + 1, -5*c + 5 = v. Suppose 4*m - 743 - 97 = d. What are the prime factors of m?
2, 3, 5, 7
Let o = 163 - 163. Suppose 0*j = -4*b + 3*j + 2630, o = 2*b + j - 1310. List the prime factors of b.
2, 41
Let t(h) = h**3 - 4*h**2 - 13*h + 9. Let r be t(6). Let u = 33 + -28. Suppose 14 = q + 4*x, -r*q + 2*x - u*x + 33 = 0. List the prime factors of q.
2, 5
Let m = 11 + 103. Suppose -4*n + 252 = 4*j, 4*j + m = 3*n - 47. Suppose 169 = 3*l - n. List the prime factors of l.
2, 19
Let d(i) = i**2 - 5*i + 3. Let g be d(4). Let t be (1 + (-3)/5)*5 - g. Suppose t*j + s = 385, 3*j + 4*s - 221 - 149 = 0. List the prime factors of j.
2, 5, 13
Let y(m) = m**2 - 138*m - 638. List the prime factors of y(-31).
43, 107
Let o(x) = -193*x**3 - 20*x**2 - 17*x - 167. List the prime factors of o(-7).
65171
Suppose 0 = m + 164 - 58. Let l = m - 24. Let k = -90 - l. List the prime factors of k.
2, 5
Suppose -5*p = -3*j + 31, -3*p = 3*j + j - 22. Let d(x) = x**3 - 8*x**2 + 6*x + 14. Let u be d(j). Suppose u*y = 2*y + 390. What are the prime factors of y?
2, 3, 13
Let z be 69/9 - 2/(-6). Let v(l) = 2*l**2 - 2*l + 11. Let x be v(-11). Suppose 35 - x = -z*f. List the prime factors of f.
2, 3, 5
Let t(h) = -h**3 - 4*h**2 + 2*h + 1328. Let p(a) = -2*a**2 - 11*a - 5. Let j be p(-5). List the prime factors of t(j).
2, 83
Let l(k) = -67*k + 135. Let v(z) = -136*z + 271. Let n(w) = -9*l(w) + 4*v(w). What are the prime factors of n(11)?
2, 7, 37
Let b be ((12/(-2))/(-3))/((-76)/5358). What are the prime factors of b/2*(-280)/12?
5, 7, 47
List the prime factors of 1808/3*(486/40 - 297/(-495)).
2, 17, 113
Let y be -2 - -2 - (-1 - 43). Let u = 40 + y. Suppose q = -5*n - q + u, -4*n - 2*q = -66. What are the prime factors of n?
2, 3
Suppose -30*f = 2*i - 31*f - 59181, i - 29566 = -3*f. List the prime factors of i.
29587
Suppose -52170 = -i - 4*p, -3*p + 80553 = 5*i - 180348. What are the prime factors of i?
2, 3, 13, 223
Suppose 101*b - 102*b = -8. Suppose s - 329 + b = 0. What are the prime factors of s?
3, 107
Let u = -213 + 323. Let v = u + -77. Let f = v + -29. List the prime factors of f.
2
Let z(a) be the first derivative of a**6/360 - 7*a**4/24 - 7*a**3/3 + 23. Let p(c) be the third derivative of z(c). List the prime factors of p(-5).
2, 3
Let p = 13374 + 489. List the prime factors of p.
3, 4621
Let a(u) = -913*u - 10. Let i be a(1). Let k = 370 - i. What are the prime factors of k?
3, 431
What are the prime factors of ((-677181)/(-212))/((-10)/(-80))?
2, 3, 4259
Suppose 307 = 4*q - 2*c - c, -121 = -2*q - 5*c. Let g = q + 109. Let d = g + -128. List the prime factors of d.
2, 3
Suppose -2*f + 3548 + 17390 = -2*o, -4*f + 41884 = -2*o. List the prime factors of f.
3, 3491
Let v be 6/27 + 22/(-18). Let p(s) = 2546*s + 741. Let f(m) = 31*m + 9. Let h(g) = -494*f(g) + 6*p(g). What are the prime factors of h(v)?
2, 19
Let v(w) = -214*w**3 + 10*w**2 + 30*w + 1. What are the prime factors of v(-3)?
5779
Let c(r) = r**2 - 19*r + 2. Let q be c(19). What are the prime factors of -16*(-618)/15 - q/10?
659
Suppose 5*c - 1080 = 2*c. Suppose 41*i - 45*i + c = 0. What are the prime factors of i?
2, 3, 5
Let w = 233 - 229. Suppose w*i + i - p = 1949, 3*p + 790 = 2*i. List the prime factors of i.
389
Suppose 0 = 3*w + a - 572, -5*a = 5*w + 121 - 1081. Suppose -4*s - 4*z = -764, -s = 3*s + 3*z - 763. Suppose 0 = -10*h + w + s. List the prime factors of h.
2, 19
Let v = -395 + 265. Let q = -24 - v. What are the prime factors of q?
2, 53
Suppose 3*k + 2 + 16 = 0. Let y = -29 + 27. What are the prime factors of y/k*100*3?